ded by 85?
83
Calculate the remainder when 2380 is divided by 54.
4
What is the remainder when 208 is divided by 53?
49
Calculate the remainder when 84 is divided by 21.
0
What is the remainder when 872 is divided by 100?
72
What is the remainder when 802 is divided by 115?
112
Calculate the remainder when 43 is divided by 22.
21
Calculate the remainder when 54 is divided by 44.
10
Calculate the remainder when 174 is divided by 35.
34
What is the remainder when 52 is divided by 6?
4
What is the remainder when 697 is divided by 228?
13
Calculate the remainder when 43 is divided by 7.
1
Calculate the remainder when 133 is divided by 27.
25
Calculate the remainder when 205 is divided by 44.
29
What is the remainder when 80 is divided by 14?
10
Calculate the remainder when 335 is divided by 31.
25
Calculate the remainder when 6742 is divided by 11.
10
Calculate the remainder when 111 is divided by 52.
7
Calculate the remainder when 597 is divided by 30.
27
Calculate the remainder when 535 is divided by 320.
215
Calculate the remainder when 903 is divided by 8.
7
Calculate the remainder when 256 is divided by 70.
46
What is the remainder when 2846 is divided by 24?
14
What is the remainder when 948 is divided by 106?
100
What is the remainder when 625 is divided by 33?
31
What is the remainder when 3095 is divided by 43?
42
Calculate the remainder when 1443 is divided by 359.
7
Calculate the remainder when 54 is divided by 17.
3
What is the remainder when 1357 is divided by 40?
37
Calculate the remainder when 1069 is divided by 127.
53
What is the remainder when 126 is divided by 44?
38
What is the remainder when 4362 is divided by 27?
15
Calculate the remainder when 2467 is divided by 408.
19
Calculate the remainder when 2190 is divided by 129.
126
Calculate the remainder when 794 is divided by 172.
106
Calculate the remainder when 157 is divided by 29.
12
What is the remainder when 417 is divided by 129?
30
What is the remainder when 64 is divided by 14?
8
What is the remainder when 187 is divided by 27?
25
What is the remainder when 320 is divided by 12?
8
Calculate the remainder when 239 is divided by 76.
11
What is the remainder when 68 is divided by 8?
4
What is the remainder when 551 is divided by 93?
86
What is the remainder when 1607 is divided by 67?
66
Calculate the remainder when 33933 is divided by 56.
53
Calculate the remainder when 200 is divided by 46.
16
What is the remainder when 174 is divided by 22?
20
What is the remainder when 862 is divided by 18?
16
What is the remainder when 375 is divided by 63?
60
What is the remainder when 291 is divided by 73?
72
Calculate the remainder when 951 is divided by 30.
21
What is the remainder when 244 is divided by 62?
58
Calculate the remainder when 246 is divided by 19.
18
Calculate the remainder when 5333 is divided by 198.
185
What is the remainder when 7 is divided by 2?
1
Calculate the remainder when 67 is divided by 54.
13
Calculate the remainder when 1175 is divided by 19.
16
Calculate the remainder when 421 is divided by 267.
154
Calculate the remainder when 61887 is divided by 199.
197
Calculate the remainder when 139 is divided by 85.
54
What is the remainder when 190 is divided by 93?
4
Calculate the remainder when 1631 is divided by 425.
356
Calculate the remainder when 129 is divided by 29.
13
What is the remainder when 133 is divided by 55?
23
Calculate the remainder when 104 is divided by 36.
32
What is the remainder when 1069 is divided by 353?
10
What is the remainder when 664 is divided by 23?
20
Calculate the remainder when 170 is divided by 34.
0
Calculate the remainder when 801 is divided by 244.
69
Calculate the remainder when 38 is divided by 31.
7
What is the remainder when 487 is divided by 239?
9
Calculate the remainder when 277 is divided by 56.
53
What is the remainder when 568 is divided by 57?
55
What is the remainder when 365 is divided by 93?
86
What is the remainder when 139 is divided by 20?
19
What is the remainder when 2242 is divided by 1113?
16
What is the remainder when 173 is divided by 46?
35
What is the remainder when 139 is divided by 49?
41
Calculate the remainder when 59 is divided by 20.
19
What is the remainder when 6446 is divided by 279?
29
What is the remainder when 129 is divided by 66?
63
Calculate the remainder when 362 is divided by 16.
10
What is the remainder when 2395 is divided by 2393?
2
What is the remainder when 207 is divided by 13?
12
Calculate the remainder when 375 is divided by 63.
60
Calculate the remainder when 309 is divided by 4.
1
What is the remainder when 53 is divided by 12?
5
Calculate the remainder when 11646 is divided by 33.
30
Calculate the remainder when 1078 is divided by 24.
22
Calculate the remainder when 788 is divided by 100.
88
Calculate the remainder when 877 is divided by 178.
165
Calculate the remainder when 930 is divided by 238.
216
What is the remainder when 230 is divided by 118?
112
Calculate the remainder when 220 is divided by 25.
20
What is the remainder when 2859 is divided by 106?
103
What is the remainder when 22 is divided by 5?
2
Calculate the remainder when 2180 is divided by 24.
20
What is the remainder when 130 is divided by 111?
19
Calculate the remainder when 552 is divided by 299.
253
Calculate the remainder when 587 is divided by 21.
20
Calculate the remainder when 1008 is divided by 256.
240
What is the remainder when 351 is divided by 60?
51
Calculate the remainder when 524 is divided by 92.
64
What is the remainder when 3 is divided by 3?
0
Calculate the remainder when 2416 is divided by 10.
6
Calculate the remainder when 376 is divided by 13.
12
What is the remainder when 117 is divided by 63?
54
Calculate the remainder when 1088 is divided by 10.
8
Calculate the remainder when 64 is divided by 18.
10
What is the remainder when 148 is divided by 20?
8
What is the remainder when 218 is divided by 13?
10
Calculate the remainder when 132 is divided by 62.
8
Calculate the remainder when 9 is divided by 3.
0
What is the remainder when 137 is divided by 10?
7
What is the remainder when 33 is divided by 19?
14
What is the remainder when 101 is divided by 45?
11
What is the remainder when 125 is divided by 8?
5
Calculate the remainder when 41 is divided by 27.
14
Calculate the remainder when 371 is divided by 168.
35
Calculate the remainder when 221 is divided by 6.
5
Calculate the remainder when 136 is divided by 35.
31
Calculate the remainder when 3463 is divided by 55.
53
Calculate the remainder when 118 is divided by 24.
22
What is the remainder when 3362 is divided by 1665?
32
Calculate the remainder when 141 is divided by 44.
9
Calculate the remainder when 594 is divided by 24.
18
Calculate the remainder when 3367 is divided by 51.
1
Calculate the remainder when 1797 is divided by 60.
57
What is the remainder when 1161 is divided by 320?
201
What is the remainder when 1248 is divided by 287?
100
Calculate the remainder when 298 is divided by 15.
13
Calculate the remainder when 1884 is divided by 171.
3
What is the remainder when 6419 is divided by 15?
14
What is the remainder when 897 is divided by 30?
27
What is the remainder when 436 is divided by 111?
103
What is the remainder when 4938 is divided by 76?
74
Calculate the remainder when 108 is divided by 22.
20
What is the remainder when 1328 is divided by 280?
208
What is the remainder when 1889 is divided by 44?
41
What is the remainder when 2909 is divided by 13?
10
What is the remainder when 837 is divided by 60?
57
Calculate the remainder when 93 is divided by 16.
13
What is the remainder when 75 is divided by 42?
33
Calculate the remainder when 605 is divided by 143.
33
What is the remainder when 15166 is divided by 16?
14
Calculate the remainder when 25 is divided by 14.
11
Calculate the remainder when 13966 is divided by 5.
1
Calculate the remainder when 750 is divided by 24.
6
What is the remainder when 253 is divided by 67?
52
Calculate the remainder when 118 is divided by 69.
49
Calculate the remainder when 1176 is divided by 37.
29
Calculate the remainder when 1350 is divided by 113.
107
What is the remainder when 389 is divided by 68?
49
Calculate the remainder when 1785 is divided by 10.
5
Calculate the remaind